Calculate the highest common divisor of 60 and 615.
15
What is the highest common factor of 96 and 352?
32
Calculate the highest common divisor of 78 and 15236.
26
What is the highest common divisor of 24 and 280?
8
Calculate the greatest common divisor of 435 and 1515.
15
Calculate the greatest common factor of 832 and 13.
13
Calculate the highest common divisor of 34 and 119.
17
What is the greatest common divisor of 8 and 648?
8
What is the greatest common divisor of 530 and 6678?
106
What is the greatest common divisor of 75 and 200?
25
What is the greatest common factor of 56 and 312?
8
What is the highest common factor of 66 and 132?
66
Calculate the greatest common divisor of 7 and 224.
7
Calculate the highest common divisor of 399 and 1026.
57
What is the greatest common divisor of 76 and 2090?
38
Calculate the greatest common factor of 658 and 175.
7
What is the greatest common factor of 130 and 14092?
26
Calculate the highest common divisor of 7290 and 150.
30
Calculate the highest common divisor of 13014 and 27.
27
What is the greatest common factor of 36 and 504?
36
Calculate the highest common factor of 2486 and 66.
22
Calculate the greatest common divisor of 1568 and 96.
32
What is the greatest common factor of 5 and 535?
5
What is the greatest common divisor of 70 and 24710?
70
What is the greatest common divisor of 2322 and 86?
86
What is the greatest common factor of 206 and 721?
103
Calculate the greatest common factor of 81360 and 339.
339
What is the greatest common factor of 10 and 1120?
10
What is the greatest common divisor of 23196 and 24?
12
What is the highest common divisor of 1036 and 224?
28
What is the highest common factor of 375 and 6?
3
Calculate the highest common factor of 123 and 3.
3
Calculate the highest common factor of 1147 and 629.
37
What is the greatest common factor of 145 and 1305?
145
Calculate the highest common factor of 120 and 120.
120
What is the highest common factor of 851 and 23?
23
Calculate the highest common factor of 24 and 2868.
12
Calculate the greatest common factor of 231 and 363.
33
What is the highest common divisor of 47 and 6345?
47
What is the highest common divisor of 1596 and 684?
228
What is the greatest common divisor of 46 and 115?
23
Calculate the highest common divisor of 55 and 2244.
11
What is the highest common divisor of 12254 and 22?
22
What is the greatest common factor of 71 and 2627?
71
What is the greatest common factor of 22 and 1562?
22
What is the greatest common divisor of 260 and 40?
20
Calculate the highest common factor of 28 and 896.
28
Calculate the highest common divisor of 3124 and 11.
11
Calculate the highest common divisor of 72 and 8.
8
Calculate the highest common divisor of 3650 and 1250.
50
What is the highest common factor of 68 and 850?
34
Calculate the greatest common factor of 153 and 289.
17
What is the highest common factor of 50 and 510?
10
Calculate the greatest common divisor of 720 and 1360.
80
Calculate the highest common factor of 45 and 15.
15
Calculate the greatest common factor of 7584 and 24.
24
What is the greatest common divisor of 9711 and 117?
117
Calculate the highest common factor of 198 and 16962.
66
What is the highest common factor of 44 and 932?
4
What is the greatest common divisor of 780 and 39?
39
What is the greatest common divisor of 124 and 4?
4
What is the highest common factor of 10 and 1070?
10
What is the greatest common divisor of 90 and 1170?
90
Calculate the highest common divisor of 334 and 4509.
167
Calculate the greatest common factor of 1392 and 87.
87
Calculate the highest common factor of 261 and 29.
29
What is the greatest common divisor of 15 and 265?
5
Calculate the greatest common divisor of 3225 and 129.
129
What is the highest common factor of 826 and 118?
118
What is the highest common factor of 54 and 12?
6
What is the highest common divisor of 21 and 1743?
21
Calculate the greatest common divisor of 240 and 27120.
240
Calculate the highest common divisor of 104 and 10.
2
Calculate the highest common divisor of 26180 and 170.
170
Calculate the highest common factor of 301 and 387.
43
What is the highest common factor of 74 and 370?
74
What is the highest common factor of 1020 and 4930?
170
Calculate the greatest common divisor of 7590 and 528.
66
Calculate the greatest common factor of 18 and 3516.
6
Calculate the highest common divisor of 41 and 14719.
41
Calculate the greatest common divisor of 14 and 518.
14
Calculate the highest common divisor of 187 and 11.
11
What is the highest common factor of 44 and 99?
11
What is the highest common divisor of 54 and 864?
54
What is the greatest common divisor of 281 and 22761?
281
What is the greatest common factor of 51 and 4675?
17
Calculate the highest common factor of 105 and 135.
15
What is the greatest common divisor of 376 and 235?
47
Calculate the highest common divisor of 74 and 14985.
37
What is the greatest common factor of 58 and 1334?
58
Calculate the highest common divisor of 37 and 8510.
37
What is the greatest common divisor of 388 and 7178?
194
What is the highest common factor of 99 and 36?
9
Calculate the greatest common factor of 280 and 1260.
140
Calculate the greatest common divisor of 102 and 782.
34
What is the greatest common divisor of 1247 and 145?
29
What is the highest common factor of 489 and 12?
3
What is the highest common factor of 12124 and 84?
28
What is the highest common factor of 40 and 1210?
10
Calculate the highest common divisor of 255 and 170.
85
Calculate the highest common factor of 4905 and 180.
45
Calculate the greatest common divisor of 145 and 6989.
29
Calculate the greatest common factor of 36 and 4560.
12
What is the highest common factor of 54 and 774?
18
Calculate the highest common factor of 74 and 333.
37
Calculate the highest common factor of 350 and 280.
70
Calculate the highest common factor of 3042 and 36.
18
Calculate the highest common factor of 600 and 256.
8
What is the greatest common divisor of 1242 and 4416?
138
Calculate the highest common factor of 2872 and 8.
8
What is the greatest common factor of 9 and 81?
9
Calculate the highest common factor of 26 and 195.
13
Calculate the greatest common divisor of 1192 and 24.
8
What is the highest common divisor of 188 and 1175?
47
What is the highest common divisor of 20562 and 276?
138
Calculate the highest common divisor of 16 and 200.
8
What is the greatest common factor of 45 and 225?
45
Calculate the highest common factor of 8106 and 84.
42
Calculate the highest common factor of 72 and 10422.
18
Calculate the greatest common factor of 54 and 14.
2
What is the highest common factor of 38 and 703?
19
What is the highest common factor of 3816 and 192?
24
What is the highest common factor of 536 and 8?
8
What is the highest common divisor of 89 and 2403?
89
Calculate the highest common divisor of 127 and 34417.
127
What is the highest common factor of 216 and 1998?
54
What is the highest common divisor of 9266 and 82?
82
Calculate the highest common divisor of 43 and 16.
1
Calculate the greatest common divisor of 190 and 90.
10
What is the highest common divisor of 30 and 45?
15
What is the highest common factor of 30 and 975?
15
What is the greatest common factor of 34 and 850?
34
Calculate the highest common divisor of 74 and 8473.
37
Calculate the highest common divisor of 232 and 1508.
116
Calculate the highest common factor of 4797 and 164.
41
What is the greatest common divisor of 3 and 291?
3
Calculate the greatest common divisor of 7360 and 1265.
115
Calculate the highest common factor of 425 and 25.
25
What is the highest common divisor of 116 and 24?
4
Calculate the greatest common factor of 3 and 3152.
1
Calculate the highest common factor of 3310 and 70.
10
Calculate the greatest common factor of 2408 and 8.
8
What is the greatest common factor of 39 and 14053?
13
Calculate the highest common divisor of 357 and 189.
21
What is the greatest common factor of 175 and 385?
35
Calculate the highest common factor of 25283 and 193.
193
Calculate the highest common factor of 11752 and 52.
52
What is the highest common divisor of 221 and 26?
13
Calculate the highest common divisor of 19 and 3705.
19
Calculate the greatest common divi